{"id":264,"date":"2023-03-07T14:27:24","date_gmt":"2023-03-07T13:27:24","guid":{"rendered":"https:\/\/www.obsthof-zwicker.de\/shop\/?page_id=264"},"modified":"2023-03-07T14:27:27","modified_gmt":"2023-03-07T13:27:27","slug":"zahlung-und-versand","status":"publish","type":"page","link":"https:\/\/www.obsthof-zwicker.de\/shop\/zahlung-und-versand\/","title":{"rendered":"Zahlung und Versand"},"content":{"rendered":"<p>[et_pb_section fb_built=&#8221;1&#8243; _builder_version=&#8221;4.19.4&#8243; _module_preset=&#8221;default&#8221; global_colors_info=&#8221;{}&#8221; theme_builder_area=&#8221;post_content&#8221;][et_pb_row _builder_version=&#8221;4.19.4&#8243; _module_preset=&#8221;default&#8221; global_colors_info=&#8221;{}&#8221; theme_builder_area=&#8221;post_content&#8221;][et_pb_column type=&#8221;4_4&#8243; _builder_version=&#8221;4.19.4&#8243; _module_preset=&#8221;default&#8221; global_colors_info=&#8221;{}&#8221; theme_builder_area=&#8221;post_content&#8221;][et_pb_text _builder_version=&#8221;4.20.0&#8243; _module_preset=&#8221;default&#8221; hover_enabled=&#8221;0&#8243; global_colors_info=&#8221;{}&#8221; theme_builder_area=&#8221;post_content&#8221; sticky_enabled=&#8221;0&#8243;]<\/p>\n<h1>Zahlung und Versand<\/h1>\n<p>Es gelten folgende Bedingungen:<\/p>\n<p><u>Versandbedingungen<\/u><\/p>\n<p>Die Lieferung erfolgt innerhalb Deutschlands und zu Versandkosten inklusive gesetzliche Mehrwertsteuer<\/p>\n<p>Lieferungen im Inland (Deutschland):<br \/>Wir berechnen die Versandkosten nach Gewicht in kg pro Bestellung.<\/p>\n<p>Lieferungen ins Ausland:<br \/>Wir berechnen die Versandkosten ins Ausland nach Gewicht in kg pro Bestellung<\/p>\n<p>Lieferung von Download-Produkten:<br \/>F\u00fcr Download-Produkte (digitale Inhalte, die nicht auf einem k\u00f6rperlichen Datentr\u00e4ger geliefert werden) fallen keine Versandkosten an.<br \/>Download-Produkte k\u00f6nnen Sie \u00fcber einen per E-Mail mitgeteilten Link herunterladen.<\/p>\n<p>Die Versendung dieser E-Mail mit Zugangsdaten zur Ausf\u00fchrung des Downloads erfolgt innerhalb von 12 Stunden nach Vertragsschluss (bei vereinbarter Vorauszahlung nach dem Zeitpunkt Ihrer Zahlungsanweisung).<\/p>\n<p><u>Lieferfristen<\/u><\/p>\n<p>Soweit im jeweiligen Angebot keine andere Frist angegeben ist, erfolgt die Lieferung der Ware im Inland (Deutschland) innerhalb von 3-5 Werktagen, bei Auslandslieferungen innerhalb von 5-7 Werktagen nach Vertragsschluss (bei vereinbarter Vorauszahlung nach dem Zeitpunkt Ihrer Zahlungsanweisung).<\/p>\n<p>Beachten Sie, dass an Sonn- und Feiertagen keine Zustellung erfolgt.<\/p>\n<p>Haben Sie Artikel mit unterschiedlichen Lieferzeiten bestellt, versenden wir die Ware in einer gemeinsamen Sendung, sofern wir keine abweichenden Vereinbarungen mit Ihnen getroffen haben. Die Lieferzeit bestimmt sich in diesem Fall nach dem Artikel mit der l\u00e4ngsten Lieferzeit den Sie bestellt haben.<\/p>\n<p><u>Akzeptierte Zahlungsm\u00f6glichkeiten<\/u><\/p>\n<p>&#8211; Zahlung per PayPal<\/p>\n<p>&#8211; Zahlung per Vorkasse<\/p>\n<p>Bei Fragen finden Sie unsere Kontaktdaten im Impressum.<\/p>\n<p>[\/et_pb_text][\/et_pb_column][\/et_pb_row][\/et_pb_section]<\/p>\n","protected":false},"excerpt":{"rendered":"<p>Zahlung und Versand Es gelten folgende Bedingungen: Versandbedingungen Die Lieferung erfolgt innerhalb Deutschlands und zu Versandkosten inklusive gesetzliche Mehrwertsteuer Lieferungen im Inland (Deutschland):Wir berechnen die Versandkosten nach Gewicht in kg pro Bestellung. Lieferungen ins Ausland:Wir berechnen die Versandkosten ins Ausland nach Gewicht in kg pro Bestellung Lieferung von Download-Produkten:F\u00fcr Download-Produkte (digitale Inhalte, die nicht auf [&hellip;]<\/p>\n","protected":false},"author":1,"featured_media":0,"parent":0,"menu_order":0,"comment_status":"closed","ping_status":"closed","template":"","meta":{"_et_pb_use_builder":"on","_et_pb_old_content":"","_et_gb_content_width":"","footnotes":""},"class_list":["post-264","page","type-page","status-publish","hentry"],"yoast_head":"<!-- This site is optimized with the Yoast SEO plugin v20.3 - https:\/\/yoast.com\/wordpress\/plugins\/seo\/ -->\n<title>Zahlung und Versand - Obsthof Zwicker<\/title>\n<meta name=\"robots\" content=\"index, follow, max-snippet:-1, max-image-preview:large, max-video-preview:-1\" \/>\n<link rel=\"canonical\" href=\"https:\/\/www.obsthof-zwicker.de\/shop\/zahlung-und-versand\/\" \/>\n<meta property=\"og:locale\" content=\"de_DE\" \/>\n<meta property=\"og:type\" content=\"article\" \/>\n<meta property=\"og:title\" content=\"Zahlung und Versand - Obsthof Zwicker\" \/>\n<meta property=\"og:description\" content=\"Zahlung und Versand Es gelten folgende Bedingungen: Versandbedingungen Die Lieferung erfolgt innerhalb Deutschlands und zu Versandkosten inklusive gesetzliche Mehrwertsteuer Lieferungen im Inland (Deutschland):Wir berechnen die Versandkosten nach Gewicht in kg pro Bestellung. Lieferungen ins Ausland:Wir berechnen die Versandkosten ins Ausland nach Gewicht in kg pro Bestellung Lieferung von Download-Produkten:F\u00fcr Download-Produkte (digitale Inhalte, die nicht auf [&hellip;]\" \/>\n<meta property=\"og:url\" content=\"https:\/\/www.obsthof-zwicker.de\/shop\/zahlung-und-versand\/\" \/>\n<meta property=\"og:site_name\" content=\"Obsthof Zwicker\" \/>\n<meta property=\"article:modified_time\" content=\"2023-03-07T13:27:27+00:00\" \/>\n<meta name=\"twitter:card\" content=\"summary_large_image\" \/>\n<script type=\"application\/ld+json\" class=\"yoast-schema-graph\">{\"@context\":\"https:\/\/schema.org\",\"@graph\":[{\"@type\":\"WebPage\",\"@id\":\"https:\/\/www.obsthof-zwicker.de\/shop\/zahlung-und-versand\/\",\"url\":\"https:\/\/www.obsthof-zwicker.de\/shop\/zahlung-und-versand\/\",\"name\":\"Zahlung und Versand - Obsthof Zwicker\",\"isPartOf\":{\"@id\":\"https:\/\/www.obsthof-zwicker.de\/shop\/#website\"},\"datePublished\":\"2023-03-07T13:27:24+00:00\",\"dateModified\":\"2023-03-07T13:27:27+00:00\",\"breadcrumb\":{\"@id\":\"https:\/\/www.obsthof-zwicker.de\/shop\/zahlung-und-versand\/#breadcrumb\"},\"inLanguage\":\"de-CH\",\"potentialAction\":[{\"@type\":\"ReadAction\",\"target\":[\"https:\/\/www.obsthof-zwicker.de\/shop\/zahlung-und-versand\/\"]}]},{\"@type\":\"BreadcrumbList\",\"@id\":\"https:\/\/www.obsthof-zwicker.de\/shop\/zahlung-und-versand\/#breadcrumb\",\"itemListElement\":[{\"@type\":\"ListItem\",\"position\":1,\"name\":\"Home\",\"item\":\"https:\/\/www.obsthof-zwicker.de\/shop\/\"},{\"@type\":\"ListItem\",\"position\":2,\"name\":\"Zahlung und Versand\"}]},{\"@type\":\"WebSite\",\"@id\":\"https:\/\/www.obsthof-zwicker.de\/shop\/#website\",\"url\":\"https:\/\/www.obsthof-zwicker.de\/shop\/\",\"name\":\"Obsthof Zwicker\",\"description\":\"Shop\",\"potentialAction\":[{\"@type\":\"SearchAction\",\"target\":{\"@type\":\"EntryPoint\",\"urlTemplate\":\"https:\/\/www.obsthof-zwicker.de\/shop\/?s={search_term_string}\"},\"query-input\":\"required name=search_term_string\"}],\"inLanguage\":\"de-CH\"}]}<\/script>\n<!-- \/ Yoast SEO plugin. -->","yoast_head_json":{"title":"Zahlung und Versand - Obsthof Zwicker","robots":{"index":"index","follow":"follow","max-snippet":"max-snippet:-1","max-image-preview":"max-image-preview:large","max-video-preview":"max-video-preview:-1"},"canonical":"https:\/\/www.obsthof-zwicker.de\/shop\/zahlung-und-versand\/","og_locale":"de_DE","og_type":"article","og_title":"Zahlung und Versand - Obsthof Zwicker","og_description":"Zahlung und Versand Es gelten folgende Bedingungen: Versandbedingungen Die Lieferung erfolgt innerhalb Deutschlands und zu Versandkosten inklusive gesetzliche Mehrwertsteuer Lieferungen im Inland (Deutschland):Wir berechnen die Versandkosten nach Gewicht in kg pro Bestellung. Lieferungen ins Ausland:Wir berechnen die Versandkosten ins Ausland nach Gewicht in kg pro Bestellung Lieferung von Download-Produkten:F\u00fcr Download-Produkte (digitale Inhalte, die nicht auf [&hellip;]","og_url":"https:\/\/www.obsthof-zwicker.de\/shop\/zahlung-und-versand\/","og_site_name":"Obsthof Zwicker","article_modified_time":"2023-03-07T13:27:27+00:00","twitter_card":"summary_large_image","schema":{"@context":"https:\/\/schema.org","@graph":[{"@type":"WebPage","@id":"https:\/\/www.obsthof-zwicker.de\/shop\/zahlung-und-versand\/","url":"https:\/\/www.obsthof-zwicker.de\/shop\/zahlung-und-versand\/","name":"Zahlung und Versand - Obsthof Zwicker","isPartOf":{"@id":"https:\/\/www.obsthof-zwicker.de\/shop\/#website"},"datePublished":"2023-03-07T13:27:24+00:00","dateModified":"2023-03-07T13:27:27+00:00","breadcrumb":{"@id":"https:\/\/www.obsthof-zwicker.de\/shop\/zahlung-und-versand\/#breadcrumb"},"inLanguage":"de-CH","potentialAction":[{"@type":"ReadAction","target":["https:\/\/www.obsthof-zwicker.de\/shop\/zahlung-und-versand\/"]}]},{"@type":"BreadcrumbList","@id":"https:\/\/www.obsthof-zwicker.de\/shop\/zahlung-und-versand\/#breadcrumb","itemListElement":[{"@type":"ListItem","position":1,"name":"Home","item":"https:\/\/www.obsthof-zwicker.de\/shop\/"},{"@type":"ListItem","position":2,"name":"Zahlung und Versand"}]},{"@type":"WebSite","@id":"https:\/\/www.obsthof-zwicker.de\/shop\/#website","url":"https:\/\/www.obsthof-zwicker.de\/shop\/","name":"Obsthof Zwicker","description":"Shop","potentialAction":[{"@type":"SearchAction","target":{"@type":"EntryPoint","urlTemplate":"https:\/\/www.obsthof-zwicker.de\/shop\/?s={search_term_string}"},"query-input":"required name=search_term_string"}],"inLanguage":"de-CH"}]}},"_links":{"self":[{"href":"https:\/\/www.obsthof-zwicker.de\/shop\/wp-json\/wp\/v2\/pages\/264","targetHints":{"allow":["GET"]}}],"collection":[{"href":"https:\/\/www.obsthof-zwicker.de\/shop\/wp-json\/wp\/v2\/pages"}],"about":[{"href":"https:\/\/www.obsthof-zwicker.de\/shop\/wp-json\/wp\/v2\/types\/page"}],"author":[{"embeddable":true,"href":"https:\/\/www.obsthof-zwicker.de\/shop\/wp-json\/wp\/v2\/users\/1"}],"replies":[{"embeddable":true,"href":"https:\/\/www.obsthof-zwicker.de\/shop\/wp-json\/wp\/v2\/comments?post=264"}],"version-history":[{"count":4,"href":"https:\/\/www.obsthof-zwicker.de\/shop\/wp-json\/wp\/v2\/pages\/264\/revisions"}],"predecessor-version":[{"id":269,"href":"https:\/\/www.obsthof-zwicker.de\/shop\/wp-json\/wp\/v2\/pages\/264\/revisions\/269"}],"wp:attachment":[{"href":"https:\/\/www.obsthof-zwicker.de\/shop\/wp-json\/wp\/v2\/media?parent=264"}],"curies":[{"name":"wp","href":"https:\/\/api.w.org\/{rel}","templated":true}]}}